6 and 28.
28
Calculate the highest common factor of 120 and 2784.
24
What is the highest common divisor of 2220 and 5?
5
Calculate the highest common factor of 8080 and 160.
80
Calculate the greatest common factor of 92 and 115.
23
Calculate the highest common divisor of 144 and 5584.
16
What is the greatest common factor of 18330 and 15?
15
Calculate the highest common divisor of 2288 and 65.
13
What is the highest common factor of 2824 and 8?
8
What is the highest common divisor of 423 and 752?
47
Calculate the highest common divisor of 7 and 1981.
7
Calculate the greatest common divisor of 38 and 16.
2
Calculate the greatest common divisor of 268 and 67.
67
Calculate the highest common divisor of 101 and 8181.
101
What is the highest common factor of 2475 and 99?
99
Calculate the highest common divisor of 8483 and 17.
17
What is the highest common divisor of 225 and 250?
25
What is the highest common factor of 19 and 2?
1
What is the highest common divisor of 9 and 5?
1
Calculate the greatest common divisor of 18 and 5202.
18
What is the greatest common divisor of 408 and 85?
17
What is the highest common factor of 1230 and 41?
41
What is the greatest common factor of 1248 and 468?
156
What is the greatest common factor of 35 and 455?
35
Calculate the greatest common divisor of 27 and 6129.
27
Calculate the highest common factor of 145 and 95.
5
Calculate the highest common divisor of 1207 and 994.
71
Calculate the greatest common factor of 10344 and 96.
24
Calculate the highest common divisor of 13549 and 17.
17
Calculate the greatest common divisor of 4897 and 166.
83
What is the highest common factor of 152 and 133?
19
Calculate the highest common factor of 304 and 266.
38
What is the highest common factor of 6 and 111?
3
What is the greatest common factor of 1560 and 75?
15
Calculate the greatest common divisor of 930 and 570.
30
Calculate the highest common divisor of 34 and 50762.
34
Calculate the highest common factor of 5658 and 164.
82
What is the greatest common factor of 276 and 3404?
92
What is the greatest common divisor of 777 and 147?
21
Calculate the greatest common factor of 51 and 84.
3
Calculate the greatest common divisor of 230 and 80.
10
What is the greatest common divisor of 3894 and 660?
66
What is the highest common factor of 16 and 10000?
16
Calculate the highest common factor of 8016 and 48.
48
Calculate the greatest common divisor of 12 and 332.
4
Calculate the highest common divisor of 23 and 989.
23
Calculate the highest common divisor of 125 and 1675.
25
Calculate the greatest common factor of 39 and 312.
39
Calculate the highest common factor of 588 and 12.
12
What is the greatest common divisor of 385 and 154?
77
Calculate the greatest common divisor of 42 and 1197.
21
Calculate the greatest common factor of 14 and 700.
14
What is the greatest common divisor of 192 and 40?
8
Calculate the highest common divisor of 56 and 98.
14
Calculate the greatest common factor of 492 and 6765.
123
Calculate the highest common factor of 14 and 182.
14
Calculate the greatest common factor of 5 and 5.
5
Calculate the highest common divisor of 112 and 19376.
112
Calculate the greatest common factor of 26 and 17251.
13
What is the highest common factor of 1702 and 46?
46
Calculate the greatest common factor of 108 and 38124.
108
Calculate the highest common factor of 5063 and 305.
61
Calculate the greatest common factor of 42 and 4.
2
What is the greatest common factor of 17 and 408?
17
Calculate the highest common factor of 134 and 8.
2
Calculate the highest common divisor of 690 and 45.
15
Calculate the highest common divisor of 475 and 285.
95
Calculate the highest common factor of 3869 and 73.
73
Calculate the highest common factor of 52 and 13.
13
What is the greatest common divisor of 5 and 15?
5
What is the highest common divisor of 22 and 341?
11
Calculate the highest common factor of 78 and 7566.
78
Calculate the highest common factor of 572 and 33.
11
What is the greatest common factor of 546 and 312?
78
What is the greatest common divisor of 844 and 8?
4
Calculate the greatest common divisor of 1602 and 342.
18
What is the highest common divisor of 26 and 91?
13
Calculate the highest common divisor of 138 and 162.
6
What is the greatest common factor of 39 and 988?
13
Calculate the greatest common factor of 117 and 4992.
39
What is the greatest common factor of 90 and 690?
30
Calculate the greatest common divisor of 123 and 451.
41
What is the highest common divisor of 197 and 1?
1
What is the highest common factor of 90 and 405?
45
Calculate the highest common divisor of 34 and 357.
17
Calculate the greatest common factor of 66 and 108.
6
Calculate the greatest common factor of 118 and 3422.
118
Calculate the highest common factor of 2261 and 51.
17
What is the greatest common factor of 105 and 1005?
15
What is the greatest common factor of 615 and 4100?
205
Calculate the greatest common divisor of 252 and 25263.
63
Calculate the highest common divisor of 18 and 198.
18
What is the highest common factor of 12 and 444?
12
Calculate the highest common divisor of 51 and 187.
17
What is the highest common factor of 62 and 1178?
62
Calculate the greatest common factor of 6 and 3900.
6
What is the greatest common factor of 71 and 3053?
71
Calculate the highest common divisor of 885 and 30.
15
Calculate the greatest common factor of 98 and 13426.
98
What is the highest common factor of 145 and 232?
29
Calculate the highest common divisor of 42 and 105.
21
What is the highest common factor of 1215 and 45?
45
What is the highest common factor of 3608 and 66?
22
What is the greatest common divisor of 572 and 1012?
44
What is the greatest common divisor of 48 and 1200?
48
What is the greatest common factor of 61 and 793?
61
What is the greatest common divisor of 6818 and 14?
14
Calculate the greatest common divisor of 44 and 5126.
22
Calculate the greatest common divisor of 88 and 242.
22
What is the greatest common divisor of 110 and 30?
10
Calculate the greatest common divisor of 39 and 104.
13
Calculate the greatest common factor of 4 and 100.
4
What is the highest common divisor of 9 and 36?
9
Calculate the highest common factor of 110 and 1672.
22
What is the highest common factor of 64 and 8544?
32
What is the highest common divisor of 34 and 6494?
34
What is the greatest common divisor of 99 and 165?
33
Calculate the greatest common divisor of 18 and 846.
18
What is the greatest common factor of 10 and 260?
10
What is the highest common factor of 1210 and 30?
10
What is the highest common factor of 232 and 176?
8
What is the greatest common factor of 108 and 81?
27
Calculate the greatest common divisor of 338 and 26.
26
What is the highest common factor of 6 and 246?
6
Calculate the greatest common divisor of 884 and 2873.
221
What is the greatest common factor of 120 and 680?
40
What is the highest common divisor of 2112 and 78?
6
What is the highest common factor of 36 and 666?
18
Calculate the highest common factor of 31257 and 138.
69
What is the greatest common factor of 198 and 2673?
99
Calculate the highest common divisor of 676 and 45630.
338
Calculate the highest common divisor of 765 and 615.
15
What is the highest common factor of 48 and 120?
24
What is the highest common factor of 3445 and 130?
65
Calculate the highest common factor of 16 and 4912.
16
Calculate the highest common factor of 1397 and 1.
1
Calculate the highest common divisor of 380 and 475.
95
Calculate the highest common divisor of 108 and 4.
4
Calculate the greatest common divisor of 21 and 4.
1
Calculate the greatest common factor of 38623 and 13.
13
Calculate the highest common factor of 66456 and 8.
8
Calculate the greatest common divisor of 296 and 185.
37
Calculate the highest common factor of 748 and 2.
2
What is the greatest common divisor of 16030 and 70?
70
What is the highest common divisor of 110 and 231?
11
Calculate the greatest common factor of 738 and 164.
82
Calculate the highest common factor of 87 and 58.
29
What is the greatest common factor of 135 and 216?
27
What is the greatest common factor of 29 and 55912?
29
What is the highest common divisor of 1020 and 24?
12
What is the highest common divisor of 101 and 3?
